t k = b + -42. Let y = k - 19. Calculate the highest common divisor of 6 and y.
6
Let z(h) = -h**2 - 20*h - 34. Let v be z(-18). Suppose 4*o - 6 = v. Suppose b + y = o*b - 17, 0 = 3*y - 15. What is the highest common factor of b and 33?
11
Let b(w) be the second derivative of w**4/4 + w**3/2 + w**2 - 4*w + 9. Let k = 0 - 2. Let u be b(k). What is the highest common divisor of 8 and u?
8
Let r = 7114 + 717. What is the greatest common factor of r and 191?
191
Let p(z) = -z + 28. Let t(y) = y**3 + 4*y**2 + 5*y + 9. Let c be t(-4). Let f be p(c). What is the greatest common divisor of 65 and f?
13
Let p = -8 - -13. Suppose -p*o - 5*q + 2*q = -593, 0 = -o + q + 125. Let w = -12030 - -12041. What is the highest common divisor of w and o?
11
Suppose 3*l - 9 = 0, -48 = -5*h - 6*l + 10*l. Suppose 14 = 3*z + x - 9, 0 = z - 2*x - 10. Let c = z + h. What is the highest common factor of c and 40?
20
Suppose -32*y + 274 = -110. Suppose -3*a - 3*l + 549 = 0, 378 - y = 2*a + 5*l. Calculate the highest common factor of 3 and a.
3
Let w be -43 - (-3 + 3 + 0 + 3). Let m = 48 + w. Let h = 6 - m. Calculate the highest common divisor of h and 16.
4
Suppose 5*k = 113 - 8. Suppose 22*v - k*v = 324. Calculate the highest common factor of v and 72.
36
Let k(s) = s**3 + 24*s**2 + 39*s + 51. Let t be k(-20). What is the greatest common factor of t and 26?
13
Let c = -6378 + 9183. Calculate the highest common factor of 1020 and c.
255
Let u(b) = 39*b**2 - 14*b - 41. Let d be u(-4). Let x = d + -617. What is the greatest common factor of 473 and x?
11
Let f be ((0/5)/3)/1. Suppose f = -16*h + 2*h + 840. Suppose 0 = 4*n - r - 160, -200 = -4*n - n + r. What is the highest common factor of n and h?
20
Let v be 20 + 411/(-21) + -39*1/(-7). Calculate the greatest common factor of 606 and v.
6
Suppose -16*r = -11*r - 5*y - 50, 0 = 4*r + 4*y - 32. Let g be (((-28)/12)/1)/((-2)/6). What is the highest common factor of g and r?
1
Let l = -378 - -404. Suppose -4*v + 38 + l = 0. Let j = 2 - -2. Calculate the highest common factor of v and j.
4
Let q = 530 + -497. Suppose -5*a = 5, -36*j + 5*a + 668 = -q*j. What is the greatest common divisor of 17 and j?
17
Let s = 5034 + 230. What is the highest common divisor of 112 and s?
112
Let o = 58 + -50. Suppose b = 2*h + 2*h + 80, -4*b + 4*h = -296. Suppose 14*d - 11*d = b. What is the highest common divisor of o and d?
8
Let f(l) = 3*l**2 + 0*l - 2*l - 16 - 8*l - 2*l**2. Let b be f(11). Let s be (-3)/b - (-324)/10. What is the highest common divisor of 165 and s?
33
Let d(a) = a**2 - 9*a + 15. Let f be d(24). Let g = f + -335. What is the greatest common divisor of g and 20?
20
Let u(m) = -2*m - 9. Let k be u(-7). Let h(a) = 5*a**2 + 32*a + 144. Let j be h(-7). Calculate the greatest common divisor of j and k.
5
Let r be 57/12 + 1/4. Let k = 218 + -185. Suppose -36*w = -k*w - 60. What is the greatest common factor of r and w?
5
Let j = 132 - 129. Suppose 5*s + 473 + 433 = j*m, 1191 = 4*m - s. Calculate the greatest common divisor of 27 and m.
27
Let v be 14/((-19)/76 + (-3)/4). Let l be (-8)/v - (-582)/(-21)*-2. Calculate the greatest common divisor of 14 and l.
14
Suppose -2246*c = -2260*c + 4060. What is the greatest common factor of c and 986?
58
Let i(k) = -2*k**2 + 26*k - 8. Let q be i(12). Calculate the highest common divisor of q and 1688.
8
Let v(j) = 42*j**2 + 107*j + 395. Let c be v(11). What is the highest common factor of c and 48?
6
Suppose -5*t = 4*y - 172 - 444, 0 = -t + 4*y + 104. Suppose 0 = -4*c - 2*r + t, 4*c - 157 + 37 = -4*r. What is the highest common divisor of 150 and c?
30
Let o = -32894 + 33812. Calculate the highest common factor of 2160 and o.
54
Let p(h) = -4*h**3 - 79*h**2 + 9*h - 146. Let u be p(-20). What is the highest common factor of 2146 and u?
74
Suppose -14*z = t - 13*z - 8, 3*t - 34 = -z. What is the highest common factor of t and 4589?
13
Suppose 6*p - 360 = p. Let o(u) = p - 4*u - 67 + u. Let w be o(-5). What is the greatest common divisor of w and 10?
10
Let a = -390 - -315. Let t be a/(-45) - 30/(-9). What is the highest common factor of 160 and t?
5
Let q be -141*6/72*-8. Calculate the greatest common divisor of q and 3102.
94
Suppose -709 = 6*a + 35. Let h = a - -131. Let u be 2/14 - 1368/(-28). Calculate the greatest common factor of h and u.
7
Suppose 5*i - 118 = 5*d + 27, 4*i + 4*d = 140. What is the highest common divisor of i and 21664?
32
Let a be 6/11 - (-40034)/11. What is the greatest common factor of 28 and a?
28
Let y(w) = 1715*w - 9825. Let g be y(7). What is the highest common divisor of g and 180?
20
Let i(y) = -2*y + 29. Let a be i(12). Let j = 266 + -178. Suppose -a*x + x + 361 = q, q - j = -x. What is the greatest common divisor of x and 13?
13
Let w = 132 + -294. Let f = -58 - w. Let u = 304 - f. Calculate the greatest common factor of u and 40.
40
Suppose -4*h - 119 = v - 298, -5*h + 245 = -3*v. Calculate the highest common factor of 18 and h.
2
Let c(f) be the third derivative of f**4/24 + 6*f**3 + 126*f**2. Let a be c(-10). What is the highest common factor of a and 416?
26
Suppose -3*c + 534 - 111 = 0. Suppose s = -5*a + 17 + 14, -4*s - 3*a + c = 0. Calculate the highest common divisor of 4 and s.
4
Suppose 83*m = -13570 + 427408. Calculate the highest common factor of 6 and m.
6
Let b(m) = 9*m. Let g be b(1). Let q be (9/(-6))/((-100)/16 - -7). Let i be (-40)/(-12 + 7) + q. Calculate the highest common divisor of i and g.
3
Let a = 11953 - 7325. Calculate the highest common divisor of a and 52.
52
Let d(s) be the second derivative of s**3/3 + 14*s**2 + 5*s. Let y be d(-13). Let c(q) = 24*q + 2. Let u be c(y). What is the highest common factor of 10 and u?
10
Let n = -4334 - -4460. What is the highest common factor of 3843 and n?
63
Suppose -8*m = -13*m - 3935. Let d = m - -899. Calculate the greatest common divisor of 42 and d.
14
Suppose -15 = 3*t, 8*i + 175 = 13*i + 4*t. What is the greatest common factor of i and 728?
13
Let y be (-214)/((-2)/228*-3*(18 - 22)). What is the greatest common divisor of y and 38?
19
Suppose -4*f - 809 = -5*b, -3*b + 3*f + 152 + 331 = 0. What is the greatest common divisor of 99 and b?
33
Let b(l) = -2*l + 220 - 8*l - 11*l + 0*l. Let x be b(10). What is the greatest common divisor of 230 and x?
10
Suppose -2*d + 25 - 17 = 0. Suppose f + 245 = 2*y - d*f, 4*y + 2*f - 550 = 0. Calculate the greatest common factor of y and 45.
45
Let v(a) = -a**2 + 19*a - 4. Suppose -17*l = -8*l - 144. Let m be v(l). Calculate the highest common divisor of 154 and m.
22
Let c be 4/6*(19854 - -3) + 56/(-8). Calculate the greatest common divisor of 101 and c.
101
Let h be 2862/265*(-20)/(-6). Let k(l) = 8*l + 2. Let p be k(2). Let j be (96/p)/(2/3). Calculate the greatest common divisor of j and h.
4
Let r(i) be the first derivative of -i**4/2 + i**3 - i**2 + 3*i - 39. Suppose -q = -0*q + 3. Let t be r(q). Calculate the greatest common divisor of t and 15.
15
Let c = 1078 - 744. Let g = c - 228. Calculate the highest common factor of 371 and g.
53
Let t = -411 - -710. Let w = 320 + -307. What is the highest common factor of t and w?
13
Let b be (3 + 90)*(-1)/(-3)*5. Let p(i) = -15*i + 2. Let d be (-3 + 3/2)/(3/8). Let w be p(d). Calculate the greatest common divisor of w and b.
31
Let w be (-2)/(-5) + (-116)/(-10). Let v be (1/(-1))/((-1922)/176824). What is the greatest common factor of w and v?
4
Suppose 0 = 2*d + 4, -w + 5*d + 2765 = -6*w. Let y = w - -884. Calculate the highest common divisor of 37 and y.
37
Let j = 423 - 460. Let p be 4/14 - (-1485)/21. Let g = j + p. What is the highest common divisor of g and 85?
17
Let u(b) = 3*b**3 + b**2 - 3*b + 1. Let y be u(1). Suppose y*l = 5*c - 6 - 15, l - c = -3. Calculate the greatest common factor of l and 8.
2
Suppose -14984 + 146361 = 79*b. Calculate the greatest common divisor of 1 and b.
1
Let h = 56 + -105. Let y be ((-14)/h)/(3/42). What is the highest common divisor of y and 28?
4
Suppose 0 = -q + 2*q + 20. Let c(u) = 60*u + 6. Let j be c(q). Let s be 2/5 - (j/15 - -3). Calculate the greatest common factor of s and 7.
7
Suppose -5*f + 1100 = -o, -f - 8*o = -4*f + 623. Calculate the highest common factor of f and 187.
17
Let c(j) = 2*j**2 - 269*j + 1074. Let t be c(4). What is the highest common divis